 = -5*u - 4, z + 1 = -2*u. Suppose 183 + 66 = z*s. Is s prime?
True
Suppose u = 9 - 5. Let g(q) = q**2 - 5*q + 4. Let w be g(u). Suppose s = 5, 3*p - 4*p + 5*s + 30 = w. Is p composite?
True
Suppose 5*l = 7 + 13, 0 = 2*m - 4*l + 148. Let g = 280 + m. Is g prime?
False
Suppose -3*o - 5*x = -42, 6*x - 54 = -5*o + 3*x. Suppose -a + o + 110 = 0. Is a a composite number?
True
Suppose -21 = -3*u + 4*u. Let m be (-3885)/(-4) + u/(-28). Let h = -453 + m. Is h a prime number?
False
Let r(j) = j + 17. Let w be r(6). Suppose -29*a + w*a = -4458. Is a prime?
True
Is 12/(-10) + (-136542)/(-210) composite?
True
Let n = 3 - -2. Let v(h) = -3*h**2 - h - 6. Let o be v(n). Let m = 183 + o. Is m composite?
False
Suppose 5*s - 14 - 6 = 0. Let w be (-9)/(-36) - (-491)/s. Suppose -h + 16 = -w. Is h composite?
False
Let v be 3/(-6)*(-40)/(-4). Let b(q) = q**3 + 5*q**2 + q + 5. Let d be b(v). Suppose -u + d*u + 21 = 0. Is u a composite number?
True
Suppose 4*j + 66926 = -3*i + 5*i, 100383 = 3*i - 4*j. Is i prime?
True
Suppose -2*z = 4*s - 3858, z + 1251 + 688 = 2*s. Is s prime?
True
Let u = -559 + 1536. Is u a prime number?
True
Suppose -4*g + 806 = -718. Let w = g - 235. Suppose b - w = -4*q, -2*q - 4*b + 140 = 2*q. Is q a prime number?
True
Suppose 2*i + 8 = -2*m + 6*m, -5*m - i - 4 = 0. Suppose 4 = 5*a + 14. Is (1574/(-4) + m)*a a composite number?
False
Let t(y) = -y**3 - 9*y**2 + 11*y + 16. Let c be t(-11). Suppose 4*k + 0*k - 178 = -5*u, 3*k + 2*u = c. Is k a composite number?
False
Let h = 2511 - 1603. Let r = 2289 - h. Is r a composite number?
False
Let y(r) = -r**3 + 2*r**2 + 9*r + 5. Suppose -3*n + 2*x = -21, -n + x = 5*x - 7. Let j be y(n). Let s = j - -320. Is s a prime number?
False
Let d = 4921 + -2630. Is d a composite number?
True
Suppose -285 = -2*u + 2*f - 3*f, 9 = 3*f. Let g = 5 + 0. Suppose 2*v = g*v - u. Is v prime?
True
Let l(s) = -321*s - 54. Is l(-43) prime?
False
Let v(r) be the third derivative of 191*r**4/24 - r**3/2 - 14*r**2. Is v(2) prime?
True
Let v = -493 + 26984. Is v a prime number?
False
Let s(t) = 143*t**2 + 4*t - 22. Is s(3) prime?
True
Suppose -o = -4*x + 10, -x - x = 5*o + 6. Let p be 4 - (x - (4 + 74)). Suppose 40 = t - v + 12, -v - p = -3*t. Is t composite?
True
Suppose 5*o - 1 = 2*v + 3, 5*v = 5*o + 5. Suppose d - 708 = -4*z - v*d, 3*d = -5*z + 877. Let l = z + -94. Is l prime?
True
Let t be 33/(-24) + 1 + 102/16. Suppose -t*z - 1013 = -2801. Is z a composite number?
True
Let x(h) = 3*h + 2. Let a be x(10). Suppose -509 - a = -r. Is r a prime number?
True
Let t be (-3)/7 - 868/(-196). Suppose 5*u - 3344 = -r, u + u = -t*r + 1334. Is u a composite number?
True
Let g be 22/(-2) - (-15)/(-5). Let f(m) = -25*m + 9. Is f(g) prime?
True
Let n = 25 + -25. Is 3 - (4 - n) - -96 a composite number?
True
Let c be (-2)/5 + 36/15. Let l be (1 - -3)*(c - -4). Suppose -z + m + l = 0, -6*z + 2*z = 2*m - 66. Is z a composite number?
False
Let c(u) = 637*u - 4. Let k(d) = -636*d + 3. Let z(j) = -5*c(j) - 6*k(j). Let f be z(1). Suppose -6*h + 3*h = -f. Is h composite?
False
Suppose -3*d = 3*c - 21, 5*d + c = -2 + 17. Is 35 + -1 + (5 - d - 2) prime?
False
Suppose -5*f = -3*j + 14958 + 5966, -2*f = -2*j + 13956. Is j composite?
False
Let j be (-29)/(-4) + (-15)/(-20). Let b be 1/4 - 18/j. Is 2/((-6)/(-1161)) - b a composite number?
False
Let r(d) = -351*d - 149. Is r(-22) a composite number?
False
Suppose -92*q = -88*q. Suppose -2*l + 695 + 1443 = q. Is l a composite number?
False
Let t(v) = 369*v**2 - 13*v + 69. Is t(5) a prime number?
False
Let j be 4 - (-7 - (-12)/3). Suppose -j*i + 12*i - 16945 = 0. Is i a prime number?
True
Suppose 2*p - 4*p + 2*y + 2 = 0, -19 = -4*p - y. Suppose 0 = p*v + 4 - 12. Suppose -v*d = w - 1266, -5*d + 3*w = -597 - 2590. Is d prime?
False
Let o be (11/(-22))/(2/4) + 89. Let k = o - -145. Is k a composite number?
False
Let m(d) = 48*d**2 + 32*d - 31. Is m(-17) composite?
False
Let g(z) = 79*z**2 + 29*z + 153. Is g(17) composite?
True
Suppose 3*z = 3*u - 41883, 19*u - 15*u - 55842 = 5*z. Is u composite?
False
Suppose 2*f + 150 = 3*f. Suppose 0 = s - 0*s - 3*n - 150, -f = -s + n. Suppose a - 31 = -4*b + s, -a = -3*b - 216. Is a a composite number?
True
Suppose 4 = h + 6, 0 = 4*v - 3*h - 586. Is v a prime number?
False
Suppose 0 = s - 1, -2608 = -i + s. Is i prime?
True
Suppose -3*c = 3*c - 3*c. Suppose c = 10*s - 1006 - 844. Is s a composite number?
True
Let i be 112/(-70)*(-10)/4. Suppose 3*q = -4*o + 131, -125 = -i*o - 9*q + 4*q. Is o composite?
True
Let h(m) = m - 14. Let s be h(13). Let r be -1 + 2 + s - 2. Is r/(-2 + (-1296)/(-651)) prime?
False
Is (-36)/54 + (-39203)/(-3) a prime number?
False
Is (-4)/18 - (-42413)/63 composite?
False
Let v(h) = h**3 - 12*h**2 + h - 3. Let p be v(12). Suppose -2*y + 10 = 0, 0 = -p*d + 4*d + 5*y + 4080. Is d a prime number?
True
Let f(h) = -h**2 - 7*h. Suppose -2*j - 12 = -0*j. Let u be f(j). Suppose 0 = -2*z + u + 44. Is z a composite number?
True
Let k = 8859 + 1300. Is k prime?
True
Suppose -x = -v - 6*x + 964, -5*v + 5*x = -4880. Let k be v + -1*(6 - 3). Let h = k - 678. Is h prime?
True
Suppose s = 2*s + 463. Suppose -8*r + 10*r = 2, 3*r = 2*y + 1603. Let b = s - y. Is b a composite number?
False
Let d(z) = 27*z**2 + 20*z + 3. Is d(-10) a composite number?
False
Let n(c) = 37*c + 72. Is n(7) a composite number?
False
Suppose 18*l - 361718 = 526870. Is l a prime number?
False
Suppose 8187 = 5*h + 13*j - 11*j, 4*h = -2*j + 6550. Is h a prime number?
True
Let d(g) = g - 11. Let a be d(9). Is ((-126)/(-27))/(a/(-1257)) composite?
True
Suppose -4*g + 249 + 20059 = f, 0 = -5*g + 4*f + 25385. Is g composite?
False
Suppose 3*s + s = 2*f + 40, 3*s - 72 = 3*f. Let g be (-1)/(-4) - 217/f. Suppose 2*o - g*o + 1206 = 0. Is o prime?
False
Suppose 2*t + 7 = 5. Let v be (0/5)/(0 - t). Is -33*(v - -1)*-1 a composite number?
True
Is (15546/(-12))/(115/30 - 4) prime?
False
Is 5382/12*(-3)/18*-4 composite?
True
Suppose -1876 = -0*a - 2*a. Let b = -575 + a. Is (-5)/(-20) + b/4 a prime number?
False
Suppose 5*l - 2*l + 2580 = 2*v, -3868 = -3*v + 4*l. Suppose 2*i + v = 2*h, -5*h + 4*i = -4*h - 639. Suppose 0 = 5*q - h - 102. Is q composite?
False
Let h(l) = 55*l - 5. Let y be h(-4). Suppose -3*q = -q - 956. Let u = q + y. Is u a composite number?
True
Let v = 147390 + -80971. Is v prime?
False
Suppose -2*o = 2*j - 110, 96 = 2*o - 4*j - 20. Suppose -3*c + 155 = 5*a, 180 = 4*a + 5*c + o. Is a a prime number?
True
Let y(z) = 3*z**2 + 84*z + 29. Is y(18) a composite number?
True
Let x(z) = 15*z**3 - 4*z**2 + 9*z - 3. Let k be x(6). Suppose 11*m + k = 14686. Is m prime?
True
Is 16/7 - 2 - (-719415)/35 a prime number?
False
Let q = -9393 - -18476. Is q composite?
True
Let s be (-8)/(-7)*14/4. Let v = 17 - 13. Suppose -u = -v*p - 17, 5*p = p - s. Is u prime?
True
Suppose 4*b - 6 = x + 8, 2*b + 5*x = 18. Let h be b/(-10) + 36/15. Suppose 51 = h*a - 167. Is a composite?
False
Suppose -5*j = -2*p + 2158, -3646 = -5*p + 3*j + 1749. Is p prime?
False
Suppose 11*g - 3165 = 6*g. Let z = -314 + g. Is z composite?
True
Let j = -36 - -38. Let l(q) = 67*q + 11. Is l(j) a prime number?
False
Suppose -8*w = -101055 - 55369. Is w composite?
False
Let v(i) = -i**3 - 4*i**2 - 2*i + 15. Suppose 4*j + 4*h - 24 + 72 = 0, -j - 20 = 5*h. Is v(j) composite?
True
Suppose 3*z + 5*j = 1340, 3*j + 647 = z + 177. Suppose 0 = -35*t + 41*t - 24. Suppose a - z = -t*a. Is a a composite number?
True
Suppose -9713 - 8138 = -g. Is g composite?
False
Let r(s) = 36*s + 19. Let u be (-3 - (-21)/3)*(-9)/(-6). Is r(u) a prime number?
False
Suppose 4*s + 31 = -r + 4*r, -5*r - 5*s + 110 = 0. Suppose 5*j + 22 = 3*u, -2*u + 4*j + r = 3. Is 2/(-6)*u*-29 composite?
True
Suppose -6 = -10*t + 24. Suppose -3*f + d - 731 = -5*f, -5*f = t*d - 1826. Is f composite?
False
Suppose v + 12 = 5*v. Suppose v*x + 3*x = 294. Let h = x - 27. Is h a prime number?
False
Let k = -10728 - -37709. Is k prime?
True
Let p = -886 - -485. Is p/(-5 + 0 + 4) composite?
False
Let f(c) = -4 - 6 + 2 - 1 - 42*c. Let w be f(4). Let t = -94 - w. Is t prime?
True
Let b be (-3 + 2)/(3/504). Let w = 41 - b. Is w a prime number?
False
Is 75/30*(-12184)/10*-1 composite?
True
Let u(c) = 4*c**3 + 12*c + 6. Let t be u(9). Suppose -7*k + k = -t. Is k a composite number?
True
Suppose 